1 - -1)?
-12
Calculate 10 + 3 + -4 - (6 - 9).
12
Calculate (-2 - (4 - -6)) + 4 - (3 - 3).
-8
Calculate -25 - (-11 + 24 - 29) - -36.
27
13 - (31 - (-1 + -18)) - -8
-29
11 - (-4 + (-6 - -14))
7
Evaluate (-2 - 5 - -16) + (9 - 21) + -14.
-17
Evaluate 16 + (3 - (-8 - -22)) - (18 + 1).
-14
Evaluate 21 + (-79 + 76 - (4 + 2)).
12
What is the value of (-13 - (-9 - -13)) + (0 - -8)?
-9
Evaluate -1 + 19 + -10 + -5.
3
What is the value of (-5 - -21) + (-6 - (-4 - (0 - 0)))?
14
What is 2 + -1 - (1 - (-16 - -11)) - -6?
1
Evaluate 6 - (-124 + 132 - (-1 - 1 - 0)).
-4
Evaluate 3 - (0 + -2) - (215 + -213).
3
What is the value of 1364 - 1364 - (-1 - 2 - -2 - -13)?
-12
What is (-6 - (20 + -16) - -47) + -12?
25
Evaluate (-1 - -16) + (-8 - -3 - -3).
13
What is (0 - -13) + 578 + -604?
-13
(1 - -10) + (-2 - 2 - -4) - 5
6
-10 - -13 - ((2 - -3 - 0) + -1)
-1
Evaluate 7 + 2 + -15 + 7.
1
Calculate -5 + (0 - 2 - -4 - (-77 + 90)).
-16
What is the value of (0 - -1) + (-1 + -20 - -14)?
-6
What is (-8 + 2 - -3) + 0 + 11 + 2?
10
Evaluate -4 + 9 + (7 - (-4 + 3)) + -2.
11
Evaluate 1 - (-9 + 19 + -15).
6
Calculate (-1 - -16) + -15 + (-1 + -23 - 1).
-25
What is -5 + -12 + 1 - (-3 - 0)?
-13
Calculate -4 - 13 - 1 - -37.
19
-4 + 1 + 46 + -37
6
What is (1 - (4 + -6)) + (-529 - -553)?
27
What is 7 - -7 - (-14 + 16)?
12
10 + (-3 - 17) + 2
-8
Calculate 11 - (-49 - -53 - (-3 - -4)).
8
What is the value of (-94 - -86) + (-3 - -1)?
-10
What is 0 + -1 + 8 - (-59 + (100 - 33))?
-1
Calculate 21 - 13 - (6 + 25 + -1).
-22
-1 + -3 + 11 + (13 + -18 - 34)
-32
Calculate -74 + 80 + (10 - (-3 + 5) - 1).
13
What is (-1 - (-4 + 2)) + 1 - 1?
1
32 + -32 + -18 + (4 - (-3 - -3))
-14
Evaluate 1 + 22 + (-715 - -707).
15
Calculate (17 - (16 - (4 + 9))) + 7.
21
0 - (-1 + 13 + 8 + -7)
-13
Evaluate -6 + (-4 - -15) - (7 + -2) - 4.
-4
Evaluate 0 + 25 + (-13 + 21 - 16).
17
Evaluate (6 - 20) + -2 - -27.
11
What is 24 + -19 + 3 + 3?
11
2 + 0 + 11 + 0
13
Evaluate (11 - (15 - (4 - -3))) + (2 - -5).
10
3 - (8 + 1 + 3 - 1)
-8
What is 13 + (31 - 17 - 24)?
3
Evaluate 0 + -9 + -3 + 10 + 12.
10
Calculate -2 - (5 - (37 + -10)).
20
Evaluate -16 + 14 - (3 - 1).
-4
Calculate (5 - (-6 - -13)) + -17.
-19
-2 - (-2 + -1) - (-21 + 62 - 66)
26
-22 - -16 - 6 - -4
-8
13 + -16 - -1 - (-13 - 0)
11
Evaluate (-58 - (19 - 50)) + (11 - (3 - 3)).
-16
Evaluate 2 + (-14 - -8 - -7) + 0 + -17.
-14
What is 7 - (-17 - -52) - -13?
-15
What is the value of 0 - (-3 + 2 + -2) - (383 - 388)?
8
What is -13 + 12 + (3 - 2)?
0
What is -18 + (-29 - -18 - -20)?
-9
What is the value of (7 - 5) + -24 - (13 + -13 - -3)?
-25
What is the value of 6 + (7 - (6 + -2) - 3)?
6
(-1 - (10 + -19)) + -4
4
What is 17 - ((1 - 5) + (14 - (48 + -29)))?
26
(11 + -35 - 8) + -1 - -10
-23
(-85 - -53) + 13 + 3
-16
Calculate -11 - (-12 + 23 + -12).
-10
What is (2 + -1 - 4 - 5) + (109 - 96)?
5
Calculate (-7 + -1 - (-53 + 40)) + -3.
2
What is the value of -5 - (7 + (-4 - 7))?
-1
What is the value of 0 + -2 + -3 - (-3 - (-18 + 8))?
-12
What is (12 - 5 - 18) + -9?
-20
(30 - 27) + 0 + (18 - 2)
19
What is -7 + 3 + (-26 - (-26 + 2))?
-6
What is the value of 12 + (16 - 13) + -20?
-5
Calculate 13 + -16 + 21 + 2 + 0 + -3.
17
Evaluate 1 - -1 - -12 - (2815 + -2780).
-21
18 + -9 - (-2 - (-13 + -6))
-8
-8 - (-3 - 6) - (-3 + 9 + 1)
-6
Evaluate -5 + (-2 - 6 - (6 + -18)) + 5.
4
What is 10 - 3 - -5 - 12 - (9 + -6)?
-3
Evaluate 214 + -246 + (3 - 0) + 2.
-27
Calculate 48 + 14 + -26 - 18.
18
What is the value of 22 + -6 - (16 - (30 - 17))?
13
What is 3 - 8 - (6 + -4) - (14 + -33)?
12
Calculate 37 + -9 + (-108 - -112).
32
Calculate -4 + 19 + 5 - 22.
-2
What is -9 - ((-8 - 8) + -2) - (-1 + -10)?
20
What is -13 + (-6 + 4 + 10 - 28 - -9)?
-24
What is the value of -5 + 1 + 354 + -355?
-5
299 + -292 + (-10 - -2 - 0) + 5
4
What is the value of (-3 + (9 - (-32 - -7)) - 9) + -9?
13
14 + 6 + -15 - -8
13
-9 - (2 - -1 - (-72 + 55))
-29
Calculate 11 + -10 + 2 + 3.
6
-30 + (11 - (23 + -3 - (-1 - -6)))
-34
What is (-8 - (1 - 1)) + -6?
-14
(11 - (2 - -44)) + 25
-10
Evaluate (-26 - -14) + 7 + -4.
-9
What is the value of 372 + -383 + (-1 + 2 + 4 - -2)?
-4
Calculate 10 + (3 - (16 + -2) - -16).
15
Calculate -5 + -5 - 3 - -26 - 1.
12
Evaluate -17 - (16 - (-10 - -57)).
14
What is the value of -7 + 5 + -12 - (1 + 5)?
-20
What is the value of -14 - (-9 - (8 - (-7 + 15)))?
-5
Calculate 13 + 1 + 14 + -40.
-12
What is 5 - (-12 - (-12 - 6))?
-1
What is -12 - (5 - (8 + 21)) - 4?
8
Evaluate -2 + -4 + (19 + -11 - -3).
5
What is the value of (0 - 3) + 1 + 64 + -83?
-21
Evaluate 17 + 19 + 4 + -71.
-31
What is 22 + 6 + (-14 - 2)?
12
Calculate -71 + (91 - 50) + (0 + 2 - -5).
-23
Evaluate 5 + -9 + 2 + 5 + 32 + -13.
22
Calculate (3 - (8 + -7) - -6) + 9 + -10.
7
What is the value of 27 + -17 - (3 + -1 + -4)?
12
What is the value of 52 + (-103 - -24) + 1 + 20?
-6
Calculate 5 + (-27 - -36 - (8 + -1) - 0).
7
Calculate (-4 + 18 - (5 + 2)) + 1.
8
(47 + -39 - (5 + (3 - 0))) + 10
10
What is 28 + 34 + -31 + 0?
31
Evaluate (67 - (-27 + 54)) + -30.
10
Calculate -586 + 565 - (-1 + -30).
10
What is (-21 - -1 - 11 - -13) + 8?
-10
What is the value of -6 + (-6 - (9 + 0 + -16))?
-5
What is the value of 7 - (11 + (-3 + 2 - -13))?
-16
Evaluate 317 + -320 + (-14 - 0).
-17
Calculate -9 + (11 - -20 - 14) - -7.
15
30 + -9 - 3 - 12
6
What is -26 + 18 - (-5 + -3)?
0
Evaluate -14 - -7 - ((1 - -3) + -4).
-7
Evaluate -2 + (8 - 4 - -1) - (-6 + 15).
-6
Evaluate (16 - 14) + -3 + 2 + (4 - 1).
4
Calculate 6 - ((-25 - -4) + 43 - (2 + -2)).
-16
Calculate -163 + 149 + (1 - -22).
9
Calculate (31 + (-7 - 1) - 13) + -11.
-1
Calculate -7 - (11 + -1 + -3) - (2 + -2).
-14
What is ((-11 - -8) + 12 - 33) + 5 + 0?
-19
Evaluate (-21 - -38) + -91 - -37.
-37
(-71 - -89) + -27 + (0 - 26)
-35
What is the value of (1 - 14) + (5 - (-12 + 8 + 3))?
-7
Calculate 39 - (44 - 5) - -26.
26
6 + (161 - 158) + (2 - (4 - -2))
5
(22 - (-5 + 3)) + -155 + 145
14
Evaluate 149 + -155 - (1 + 0) - (-10 - 0).
3
What is the value of (1 - (-3 + 7)) + (-451 - -446)?
-8
What is the value of (-15 - (-15 + 3)) + 15?
12
Evaluate 27 + (2 - -4 - (-1 + 2)) - 9.
23
Calculate -31 - 3 - -2 - -22.
-10
What is 0 + 2 - (21 - 8)?
-11
(6 - (1 + 0)) + (-13 - -10) + 0
2
Calculate (-3 - -3) + 2 + (-5 + 18 - 3).
12
What is 12 + (13 - 18) - 6?
1
What is 1 - (9 + 3 + (-8 - -2))?
-5
What is 2 + 2 + -5 + 2 - 9 - -36?
28
What is 12 + -67 + 18 + 13?
-24
What is the value of 0 - (5 + 11 + -29 + -2 + 1)?
14
What is the value of (9 + -2 - 3) + 7?
11
What is the value of -1 - (1 + (-2 + 5 - 4)) - -16?
15
Evaluate 3 + (-1 - 5 - 8 - (1 + -3)).
-9
Evaluate -4 + (-10 + 11 + -14 - -33).
16
Calculate -4 + (-4 - (5 - (21 - 5))) + -13.
-10
(8 - -3) + -2 + 242 + -233
18
(-30 - (3 + -3)) + 17
-13
Calculate 3 + (-14 + -6 + 6 - 8).
-19
What is (-20 - 0) + -11 + 10 + (58 - 56)?
-19
What is the value of (3 + 1 + -1 - 4) + 2 - 7?
-6
Evaluate (8 - -10) + 77 + -70.
25
Calculate -381 + 395 - (9 - 0).
5
Calculate 7 + -6 - -5 - ((-2 - -17) + 0).
-9
Calculate (-1 - -1) + (-24 - -56 - 30).
2
What is -2 + 27 + (12 - 0) + -361 + 353?
29
(4 - 4) + (-1 - (-3 + 5 - -3))
-6
(30 - (5 - -10)) + -3
12
-48 + 76 - (0 - -15)
13
What is the value of -3 + 5 - (12 + -26)?
16
Calculate -7 + (2 - -18) + -3 - 10.
0
Calculate 1 - (-3 - -5) - (-8 - (-5 - 12)).
-10
What is 9 + -14 - (2 + -7 + 5 + 3)?
-8
Evaluate 27 - (18 - -25) - (8 + -4).
-20
4 + -49 - (-254 + 232)
-23
Evaluate (37 - 49) + 2 + 0.
-10
Calculate -21 + 22 + 9 + 15.
25
Evaluate (-14 - -2) + (-2 - -4).
-10
Calculate (-1 - -1) + 0 + -1 - (-2748 + 2744).
3
What is the value of -3 - -8 - (-23 - -41) - -5?
-8
What is the value of 7 - (7 - -9 - 13)?
4
(28 - (-23 - -61)) + 3
-7
Evaluate 303 + -327 - (-2 - -2).
-24
1 - -10 - (0 - -2) - (1 - 12)
20
What is the value of 1 + (-1 + -2 + 0 - 2 - -3)?
-1
Calculate 1 + (-4 - 10) + (15 - (-3 + 11)).
-6
(4 - (2 + -7)) + (15 - 35)
-11
Evaluate -491 - -503 - (1 - (-3 + -1)).
7
Evaluate (3 - -2 - (30 - (4 - 0))) + -1.
-22
What is the value of ((-8 - -8) + -7 - (0 + -4)) + -1?
-4
What is the value of (7 - -1) + 23 + -33 + 7 - 19?
-14
Evaluate (-6 - (4 - -1 - 7)) + 13.
9
What is the value of 3 - (21 + (-1 - -9) + -12)?
-14
What is the value of 30 + (-53 - -25) + -1?
1
What is 107 + -92 + (-3 + 20 - -3)?
35
Calculate 12 - (11 - (22 - 20)).
3
-17 - (-12 - -8) - (11 + -9)
-15
Evaluate -10 +